{"id":2782,"date":"2025-06-24T15:41:37","date_gmt":"2025-06-24T15:41:37","guid":{"rendered":"https:\/\/fsac.cat\/elementos\/"},"modified":"2026-01-08T09:07:13","modified_gmt":"2026-01-08T09:07:13","slug":"elementos","status":"publish","type":"page","link":"https:\/\/fsac.cat\/es\/elementos\/","title":{"rendered":"Elementos"},"content":{"rendered":"<p>[et_pb_section fb_built=\u00bb1&#8243; _builder_version=\u00bb4.27.4&#8243; _module_preset=\u00bbdefault\u00bb background_color=\u00bb#FFFFFF\u00bb custom_padding=\u00bb0px||0px||false|false\u00bb global_colors_info=\u00bb{}\u00bb][et_pb_row column_structure=\u00bb2_5,3_5&#8243; use_custom_gutter=\u00bbon\u00bb make_equal=\u00bbon\u00bb _builder_version=\u00bb4.27.4&#8243; _module_preset=\u00bbdefault\u00bb background_color=\u00bb#fff7b5&#8243; custom_padding=\u00bb0px||0px||false|false\u00bb global_colors_info=\u00bb{}\u00bb][et_pb_column type=\u00bb2_5&#8243; _builder_version=\u00bb4.27.4&#8243; _module_preset=\u00bbdefault\u00bb global_colors_info=\u00bb{}\u00bb][et_pb_image src=\u00bbhttps:\/\/fsac.cat\/wp-content\/uploads\/2025\/06\/1f5e616d-ecb5-4a8b-8016-d9f3613353d0.png\u00bb title_text=\u00bb1f5e616d-ecb5-4a8b-8016-d9f3613353d0&#8243; _builder_version=\u00bb4.27.4&#8243; _module_preset=\u00bbdefault\u00bb global_colors_info=\u00bb{}\u00bb][\/et_pb_image][\/et_pb_column][et_pb_column type=\u00bb3_5&#8243; _builder_version=\u00bb4.27.4&#8243; _module_preset=\u00bbdefault\u00bb custom_padding=\u00bb30px|30px|30px|30px|false|false\u00bb global_colors_info=\u00bb{}\u00bb][et_pb_text _builder_version=\u00bb4.27.4&#8243; _module_preset=\u00bbdefault\u00bb global_colors_info=\u00bb{}\u00bb]<\/p>\n<h3>Lo m\u00e1s cercano a tu hogar<\/h3>\n<p>[\/et_pb_text][et_pb_text _builder_version=\u00bb4.27.4&#8243; _module_preset=\u00bbdefault\u00bb global_colors_info=\u00bb{}\u00bb]La Ginesta es un espacio de vida donde acompa\u00f1amos a personas mayores que por su situaci\u00f3n personal de dependencia necesitan apoyo en la realizaci\u00f3n de sus actividades cotidianas.[\/et_pb_text][\/et_pb_column][\/et_pb_row][\/et_pb_section][et_pb_section fb_built=\u00bb1&#8243; _builder_version=\u00bb4.27.4&#8243; _module_preset=\u00bbdefault\u00bb global_colors_info=\u00bb{}\u00bb][et_pb_row column_structure=\u00bb1_2,1_2&#8243; make_equal=\u00bbon\u00bb _builder_version=\u00bb4.27.4&#8243; _module_preset=\u00bbdefault\u00bb global_colors_info=\u00bb{}\u00bb][et_pb_column type=\u00bb1_2&#8243; _builder_version=\u00bb4.27.4&#8243; _module_preset=\u00bbdefault\u00bb global_colors_info=\u00bb{}\u00bb][et_pb_image src=\u00bbhttps:\/\/fsac.cat\/wp-content\/uploads\/2025\/06\/laginesta.png\u00bb alt=\u00bbLogo de La Ginesta\u00bb title_text=\u00bbLogo de La Ginesta\u00bb align=\u00bbcenter\u00bb _builder_version=\u00bb4.27.4&#8243; _module_preset=\u00bbdefault\u00bb global_colors_info=\u00bb{}\u00bb][\/et_pb_image][\/et_pb_column][et_pb_column type=\u00bb1_2&#8243; _builder_version=\u00bb4.27.4&#8243; _module_preset=\u00bbdefault\u00bb custom_css_main_element=\u00bbmargin: auto;\u00bb global_colors_info=\u00bb{}\u00bb][et_pb_text _builder_version=\u00bb4.27.4&#8243; _module_preset=\u00bbdefault\u00bb text_font=\u00bb&#8211;et_global_heading_font||||||||\u00bb text_font_size=\u00bb1.3rem\u00bb text_line_height=\u00bb1.6em\u00bb global_colors_info=\u00bb{}\u00bb]<\/p>\n<p>Para hacer realidad nuestra forma de entender el acompa\u00f1amiento, mantenemos un ratio de un profesional por cada residente.<\/p>\n<p>[\/et_pb_text][\/et_pb_column][\/et_pb_row][\/et_pb_section][et_pb_section fb_built=\u00bb1&#8243; theme_builder_area=\u00bbpost_content\u00bb _builder_version=\u00bb4.27.4&#8243; _module_preset=\u00bbdefault\u00bb background_color=\u00bb#6ca27c\u00bb hover_enabled=\u00bb0&#8243; sticky_enabled=\u00bb0&#8243; custom_padding=\u00bb||0px||false|false\u00bb][et_pb_row _builder_version=\u00bb4.27.4&#8243; _module_preset=\u00bbdefault\u00bb theme_builder_area=\u00bbpost_content\u00bb column_structure=\u00bb1_4,1_4,1_4,1_4&#8243; custom_padding=\u00bb||0px||false|false\u00bb hover_enabled=\u00bb0&#8243; sticky_enabled=\u00bb0&#8243;][et_pb_column _builder_version=\u00bb4.27.4&#8243; _module_preset=\u00bbdefault\u00bb type=\u00bb1_4&#8243; theme_builder_area=\u00bbpost_content\u00bb][et_pb_image src=\u00bbhttps:\/\/fsac.cat\/wp-content\/uploads\/2025\/06\/laginesta.png\u00bb _builder_version=\u00bb4.27.4&#8243; _module_preset=\u00bbdefault\u00bb theme_builder_area=\u00bbpost_content\u00bb alt=\u00bbLogo de La Ginesta\u00bb title_text=\u00bbLogo de La Ginesta\u00bb hover_enabled=\u00bb0&#8243; sticky_enabled=\u00bb0&#8243;][\/et_pb_image][\/et_pb_column][et_pb_column _builder_version=\u00bb4.27.4&#8243; _module_preset=\u00bbdefault\u00bb type=\u00bb1_4&#8243; theme_builder_area=\u00bbpost_content\u00bb][\/et_pb_column][et_pb_column _builder_version=\u00bb4.27.4&#8243; _module_preset=\u00bbdefault\u00bb type=\u00bb1_4&#8243; theme_builder_area=\u00bbpost_content\u00bb][\/et_pb_column][et_pb_column _builder_version=\u00bb4.27.4&#8243; _module_preset=\u00bbdefault\u00bb type=\u00bb1_4&#8243; theme_builder_area=\u00bbpost_content\u00bb][et_pb_image src=\u00bbhttps:\/\/fsac.cat\/wp-content\/uploads\/2025\/06\/cropped-laginesta_ico.png\u00bb _builder_version=\u00bb4.27.4&#8243; _module_preset=\u00bbdefault\u00bb theme_builder_area=\u00bbpost_content\u00bb alt=\u00bbicono del logo la retama\u00bb title_text=\u00bbicono del logo la retama\u00bb transform_scale_linked=\u00bboff\u00bb transform_translate_linked=\u00bboff\u00bb transform_translate=\u00bb-4px|-138px\u00bb transform_rotate=\u00bb0deg|0deg|343deg\u00bb hover_enabled=\u00bb0&#8243; sticky_enabled=\u00bb0&#8243;][\/et_pb_image][\/et_pb_column][\/et_pb_row][\/et_pb_section]<\/p>\n","protected":false},"excerpt":{"rendered":"<p>Lo m\u00e1s cercano a tu hogarLa Ginesta es un espacio de vida donde acompa\u00f1amos a personas mayores que por su situaci\u00f3n personal de dependencia necesitan apoyo en la realizaci\u00f3n de [&hellip;]<\/p>\n","protected":false},"author":2,"featured_media":0,"parent":0,"menu_order":0,"comment_status":"closed","ping_status":"closed","template":"","meta":{"_et_pb_use_builder":"on","_et_pb_old_content":"","_et_gb_content_width":"","footnotes":""},"class_list":["post-2782","page","type-page","status-publish","hentry"],"_links":{"self":[{"href":"https:\/\/fsac.cat\/es\/wp-json\/wp\/v2\/pages\/2782","targetHints":{"allow":["GET"]}}],"collection":[{"href":"https:\/\/fsac.cat\/es\/wp-json\/wp\/v2\/pages"}],"about":[{"href":"https:\/\/fsac.cat\/es\/wp-json\/wp\/v2\/types\/page"}],"author":[{"embeddable":true,"href":"https:\/\/fsac.cat\/es\/wp-json\/wp\/v2\/users\/2"}],"replies":[{"embeddable":true,"href":"https:\/\/fsac.cat\/es\/wp-json\/wp\/v2\/comments?post=2782"}],"version-history":[{"count":1,"href":"https:\/\/fsac.cat\/es\/wp-json\/wp\/v2\/pages\/2782\/revisions"}],"predecessor-version":[{"id":2790,"href":"https:\/\/fsac.cat\/es\/wp-json\/wp\/v2\/pages\/2782\/revisions\/2790"}],"wp:attachment":[{"href":"https:\/\/fsac.cat\/es\/wp-json\/wp\/v2\/media?parent=2782"}],"curies":[{"name":"wp","href":"https:\/\/api.w.org\/{rel}","templated":true}]}}

<p>[et_pb_section fb_built=»1&#8243; _builder_version=»4.27.4&#8243; _module_preset=»default» background_color=»#FFFFFF» custom_padding=»0px||0px||false|false» global_colors_info=»{}»][et_pb_row column_structure=»2_5,3_5&#8243; use_custom_gutter=»on» make_equal=»on» _builder_version=»4.27.4&#8243; _module_preset=»default» background_color=»#fff7b5&#8243; custom_padding=»0px||0px||false|false» global_colors_info=»{}»][et_pb_column type=»2_5&#8243; _builder_version=»4.27.4&#8243; _module_preset=»default» global_colors_info=»{}»][et_pb_image src=»https://fsac.cat/wp-content/uploads/2025/06/1f5e616d-ecb5-4a8b-8016-d9f3613353d0.png» title_text=»1f5e616d-ecb5-4a8b-8016-d9f3613353d0&#8243; _builder_version=»4.27.4&#8243; _module_preset=»default» global_colors_info=»{}»][/et_pb_image][/et_pb_column][et_pb_column type=»3_5&#8243; _builder_version=»4.27.4&#8243; _module_preset=»default» custom_padding=»30px|30px|30px|30px|false|false» global_colors_info=»{}»][et_pb_text _builder_version=»4.27.4&#8243; _module_preset=»default» global_colors_info=»{}»]</p>
<h3>Lo más cercano a tu hogar</h3>
<p>[/et_pb_text][et_pb_text _builder_version=»4.27.4&#8243; _module_preset=»default» global_colors_info=»{}»]La Ginesta es un espacio de vida donde acompañamos a personas mayores que por su situación personal de dependencia necesitan apoyo en la realización de sus actividades cotidianas.[/et_pb_text][/et_pb_column][/et_pb_row][/et_pb_section][et_pb_section fb_built=»1&#8243; _builder_version=»4.27.4&#8243; _module_preset=»default» global_colors_info=»{}»][et_pb_row column_structure=»1_2,1_2&#8243; make_equal=»on» _builder_version=»4.27.4&#8243; _module_preset=»default» global_colors_info=»{}»][et_pb_column type=»1_2&#8243; _builder_version=»4.27.4&#8243; _module_preset=»default» global_colors_info=»{}»][et_pb_image src=»https://fsac.cat/wp-content/uploads/2025/06/laginesta.png» alt=»Logo de La Ginesta» title_text=»Logo de La Ginesta» align=»center» _builder_version=»4.27.4&#8243; _module_preset=»default» global_colors_info=»{}»][/et_pb_image][/et_pb_column][et_pb_column type=»1_2&#8243; _builder_version=»4.27.4&#8243; _module_preset=»default» custom_css_main_element=»margin: auto;» global_colors_info=»{}»][et_pb_text _builder_version=»4.27.4&#8243; _module_preset=»default» text_font=»&#8211;et_global_heading_font||||||||» text_font_size=»1.3rem» text_line_height=»1.6em» global_colors_info=»{}»]</p>
<p>Para hacer realidad nuestra forma de entender el acompañamiento, mantenemos un ratio de un profesional por cada residente.</p>
<p>[/et_pb_text][/et_pb_column][/et_pb_row][/et_pb_section][et_pb_section fb_built=»1&#8243; theme_builder_area=»post_content» _builder_version=»4.27.4&#8243; _module_preset=»default» background_color=»#6ca27c» hover_enabled=»0&#8243; sticky_enabled=»0&#8243; custom_padding=»||0px||false|false»][et_pb_row _builder_version=»4.27.4&#8243; _module_preset=»default» theme_builder_area=»post_content» column_structure=»1_4,1_4,1_4,1_4&#8243; custom_padding=»||0px||false|false» hover_enabled=»0&#8243; sticky_enabled=»0&#8243;][et_pb_column _builder_version=»4.27.4&#8243; _module_preset=»default» type=»1_4&#8243; theme_builder_area=»post_content»][et_pb_image src=»https://fsac.cat/wp-content/uploads/2025/06/laginesta.png» _builder_version=»4.27.4&#8243; _module_preset=»default» theme_builder_area=»post_content» alt=»Logo de La Ginesta» title_text=»Logo de La Ginesta» hover_enabled=»0&#8243; sticky_enabled=»0&#8243;][/et_pb_image][/et_pb_column][et_pb_column _builder_version=»4.27.4&#8243; _module_preset=»default» type=»1_4&#8243; theme_builder_area=»post_content»][/et_pb_column][et_pb_column _builder_version=»4.27.4&#8243; _module_preset=»default» type=»1_4&#8243; theme_builder_area=»post_content»][/et_pb_column][et_pb_column _builder_version=»4.27.4&#8243; _module_preset=»default» type=»1_4&#8243; theme_builder_area=»post_content»][et_pb_image src=»https://fsac.cat/wp-content/uploads/2025/06/cropped-laginesta_ico.png» _builder_version=»4.27.4&#8243; _module_preset=»default» theme_builder_area=»post_content» alt=»icono del logo la retama» title_text=»icono del logo la retama» transform_scale_linked=»off» transform_translate_linked=»off» transform_translate=»-4px|-138px» transform_rotate=»0deg|0deg|343deg» hover_enabled=»0&#8243; sticky_enabled=»0&#8243;][/et_pb_image][/et_pb_column][/et_pb_row][/et_pb_section]</p>

<p>Lo más cercano a tu hogarLa Ginesta es un espacio de vida donde acompañamos a personas mayores que por su situación personal de dependencia necesitan apoyo en la realización de [&hellip;]</p>
